{"id":367,"date":"2023-02-01T11:29:34","date_gmt":"2023-02-01T10:29:34","guid":{"rendered":"https:\/\/elektron.no\/?post_type=product&#038;p=367"},"modified":"2023-02-01T11:29:35","modified_gmt":"2023-02-01T10:29:35","slug":"logitech-headset-h330-usb","status":"publish","type":"product","link":"https:\/\/elektron.no\/?product=logitech-headset-h330-usb","title":{"rendered":"Logitech headset H330 USB"},"content":{"rendered":"","protected":false},"excerpt":{"rendered":"<p>Solid headsett med h\u00f8yttaler p\u00e5 begge sider. Stillbar mikrofon.<\/p>\n<p>St\u00f8ydempet mikrofon s\u00f8rger for at bakgrunnst\u00f8y begrenses vesentlig. USB tilkobling.<\/p>\n<p>Alltid kvalitet fra Logitech!<\/p>\n","protected":false},"featured_media":351,"template":"","meta":[],"product_brand":[],"product_cat":[36],"product_tag":[],"class_list":{"0":"post-367","1":"product","2":"type-product","3":"status-publish","4":"has-post-thumbnail","6":"product_cat-headsetspeaker","8":"first","9":"instock","10":"taxable","11":"shipping-taxable","12":"purchasable","13":"product-type-simple"},"_links":{"self":[{"href":"https:\/\/elektron.no\/index.php?rest_route=\/wp\/v2\/product\/367","targetHints":{"allow":["GET"]}}],"collection":[{"href":"https:\/\/elektron.no\/index.php?rest_route=\/wp\/v2\/product"}],"about":[{"href":"https:\/\/elektron.no\/index.php?rest_route=\/wp\/v2\/types\/product"}],"wp:featuredmedia":[{"embeddable":true,"href":"https:\/\/elektron.no\/index.php?rest_route=\/wp\/v2\/media\/351"}],"wp:attachment":[{"href":"https:\/\/elektron.no\/index.php?rest_route=%2Fwp%2Fv2%2Fmedia&parent=367"}],"wp:term":[{"taxonomy":"product_brand","embeddable":true,"href":"https:\/\/elektron.no\/index.php?rest_route=%2Fwp%2Fv2%2Fproduct_brand&post=367"},{"taxonomy":"product_cat","embeddable":true,"href":"https:\/\/elektron.no\/index.php?rest_route=%2Fwp%2Fv2%2Fproduct_cat&post=367"},{"taxonomy":"product_tag","embeddable":true,"href":"https:\/\/elektron.no\/index.php?rest_route=%2Fwp%2Fv2%2Fproduct_tag&post=367"}],"curies":[{"name":"wp","href":"https:\/\/api.w.org\/{rel}","templated":true}]}}